**3 + o**2 - 1. Let a be f(1). Let d be (6/3)/((-26)/793). Let k = d + a. Calculate the greatest common divisor of 275 and k.
25
Suppose -154*b = -301*b + 190*b - 91203. What is the highest common factor of 21 and b?
21
Suppose 2*x = -0*t + 2*t - 12, -t + 2*x + 2 = 0. Let a be 9/18*58 + (-7 - 2). Calculate the highest common factor of t and a.
10
Suppose o - 123 = -10*t + 7*t, -3*t + 5*o + 87 = 0. What is the greatest common factor of t and 10972?
13
Let c = 6506 + -5731. What is the highest common divisor of c and 100?
25
Let c be ((-2)/(-16))/(14/(-16) - -1). What is the greatest common divisor of c and 7393?
1
Suppose 24*a - 32*a + 64 = 0. Suppose -4*p - 5*c = -7, -a*c + 10*c = -p - 2. Suppose p*y + 28 = 9*y. What is the greatest common divisor of y and 4?
4
Suppose 50 + 59 = s. Suppose 5*h - s = -104. Calculate the highest common factor of 5 and h.
1
Let g = 8018 + -7793. Calculate the highest common factor of 405 and g.
45
Suppose 690 = -15*w + 960. Calculate the highest common divisor of w and 1818.
18
Let b(y) = -y**3 - 30*y**2 + 32*y + 35. Let c be b(-31). Suppose 0 = -5*u + 7*u + 2*w - 132, -c*u + 268 = 2*w. What is the highest common factor of 4 and u?
4
Let k be -82 - 15*2/5. Let d = k - -126. Calculate the greatest common divisor of 171 and d.
19
Let i(q) = -2*q**3 + 21*q**2 + 44*q - 82. Let b be i(12). Calculate the highest common factor of b and 77.
7
Let q = 44 + -39. Suppose -7*y = -q*y + 6. Let g be 1/y + 833/51. Calculate the greatest common divisor of g and 8.
8
Suppose 3*s - 441 = -5*r, 11*r + 4*s = 15*r - 372. What is the greatest common factor of r and 3690?
90
Suppose l - 5*l - 412 = 0. Let r = l - -268. Let m be (0 + 30/9)*81/18. What is the greatest common factor of m and r?
15
Let t = 168 - 207. Let l be (-3504)/t + 2/65*5. Calculate the greatest common divisor of 70 and l.
10
Suppose 0 = 5*s - 7*b + 3*b - 11336, 0 = -2*s - 20*b + 4664. What is the greatest common divisor of 32 and s?
32
Suppose s - 7 = b, -5*s - 2*b + 54 - 12 = 0. Calculate the greatest common factor of 6736 and s.
8
Let j = 183 + -180. Suppose -5*q + 4*p = 7*p - 1089, j*q + p - 651 = 0. Calculate the highest common factor of 8 and q.
8
Let i(r) = 2*r**3 + r**2 + 7*r. Let u be i(7). Suppose 3168 = 144*n + 54*n. Calculate the greatest common factor of n and u.
16
Let y = -4987 + 5032. Suppose -3*o - 22 = -b - 5*o, -4*o + 104 = 4*b. What is the greatest common divisor of y and b?
15
Suppose -471 = -3*a - 5*x, -3*x - 657 = -4*a - 0*x. Let i be (-50920)/(-2850) + (-2)/(-15). What is the highest common divisor of a and i?
18
Let c = 31 + -23. Let r(u) = -12*u + 3*u + c + 12*u. Let d be r(6). Calculate the highest common factor of 13 and d.
13
Suppose 1221 = -2*d + 1963. What is the highest common divisor of d and 21?
7
Let a(l) = -103*l**3 + l**2 + 29*l + 123. Let y be a(-4). What is the greatest common factor of 405 and y?
135
Let y(k) = -8*k - 9. Let b(a) = -a**2 + 2 - 11 - a + 0*a**2 + 2*a. Let m be b(0). Let q be y(m). Calculate the highest common divisor of q and 21.
21
Let h be 1*-19 - 1149405/(-111). What is the greatest common factor of h and 456?
152
Let y = -35 - -43. Suppose -g + 6 = 3*c - 0*g, 3*g = 4*c - y. Suppose c*v = -a + 13, 5*v - 28 = a - 3*a. What is the greatest common factor of 1 and a?
1
Let n = 5494 + -5454. Calculate the greatest common divisor of 3 and n.
1
Suppose 2*u = 2*t + 288 + 544, u + 5*t - 416 = 0. What is the greatest common divisor of u and 130?
26
Let g(z) = 12*z - 29. Let i be g(3). Let x be 2/i - (-3844)/217. What is the highest common divisor of x and 306?
18
Let c = -434 - -438. Suppose -2*l - 2*s + 24 = 0, -3*l + 0 = -c*s - 8. Calculate the greatest common factor of l and 808.
8
Let k(g) = -92*g**3 - 4*g**2 - 182*g - 354. Let n be k(-2). Calculate the greatest common divisor of n and 23725.
365
Suppose 1234*v - 1239*v = -990. What is the greatest common divisor of v and 16038?
198
Let z(d) = -d**2 + 11*d - 13. Let w be z(11). Let h = -1 + w. Let x = h + 48. What is the highest common divisor of 51 and x?
17
Let m be (-1)/(-4) + (-4236)/(-16). Suppose 4*v - 10 + 73 = q, -4*v = -24. Suppose -n = -m - q. Calculate the highest common factor of n and 32.
32
Let o = 1942 + -1278. Let h = o - 296. What is the greatest common factor of h and 48?
16
Suppose -283 = 3*x - 925. Suppose 4*b = -3*w + x, 4*w - 4*b - 256 = -2*b. Suppose -48 + w = c. Calculate the greatest common divisor of c and 6.
6
Suppose 165*d - 4721 = 29*d + 6159. Let f = -18 + 147. Suppose -3*a + f = 33. What is the highest common divisor of a and d?
16
Let o(t) = t**2 + 89*t + 24. Let b(k) = k**2 + 3*k. Let g(c) = -2*b(c) - o(c). Let h be g(-30). What is the highest common divisor of h and 84?
42
Let i be -4*1*12141/(-228) + -6. Let c = -3 + 3. Suppose -3*k - 4*t + 81 = c, k - 3*t = -0*k + 14. Calculate the greatest common factor of k and i.
23
Let j be (4 - (-67)/(-4))*(-24)/9. Suppose 4 = -3*q - 62. Let i = q + j. Calculate the highest common divisor of 84 and i.
12
Let v be ((-1460)/(-42) - 8/(-14))/(84/2394). What is the highest common divisor of 38 and v?
19
Suppose -5*f - 960 = 5*x, 3*x + 579 = -3*f + x. Let t be (-30)/f + 464/26. Calculate the highest common divisor of 30 and t.
6
Suppose -7*g + 14 = -0*g. Suppose 3*y - 184 = -4*a, -138 = -5*a + g*a + 3*y. Suppose -144 + a = -14*o. Calculate the greatest common factor of 77 and o.
7
Let v = -39 + 91. Let g = -65 + v. Let q = g - -29. Calculate the greatest common divisor of 24 and q.
8
Let s be 180/(-27)*(-72)/10. Suppose 85 = n - s. What is the highest common factor of 7 and n?
7
Let g(p) = p**3 - 14*p**2 - 7*p + 100. Let t be g(14). Calculate the greatest common factor of 218 and t.
2
Suppose -243*j = -63*j - 4846 + 1606. Calculate the greatest common factor of 678 and j.
6
Let l = 653 + -653. Suppose -a - 5 = 3*q, 3*a - 5*a = 4*q + 2. Suppose a*c + l*c - 105 = 0. What is the highest common factor of 15 and c?
15
Suppose 53 = 8*l - 155. What is the highest common divisor of 4342 and l?
26
Let g(n) = n**3 - 11*n**2 + 32*n + 16. Let c be g(7). Calculate the highest common factor of c and 58300.
44
Let l = -516 + 744. Suppose -32 = -t + l. Calculate the greatest common factor of 26 and t.
26
Suppose 0*a - 416 = -4*a. Suppose 3*h - a = -23. Suppose -2*i + j = -437, 23*i - 5*j = 20*i + 673. What is the greatest common factor of i and h?
27
Suppose -371*x + 139*x + 74240 = 0. Calculate the highest common divisor of x and 1200.
80
Let g = -5510 + 5543. What is the highest common factor of 165 and g?
33
Suppose 5*u - 3*x - 229 = 0, 4*u - 10*x = -12*x + 170. Suppose -579 + 2119 = 5*b. What is the highest common divisor of u and b?
44
Let f be (324/6)/(12/(-54)). Let z = f - -275. Let g(k) = -4*k + 4. Let l be g(-3). Calculate the greatest common factor of z and l.
16
Let n = 1746 - 1596. Calculate the highest common divisor of n and 1680.
30
Suppose 39*c - 44*c + 380 = 2*j, 3*c = 0. Let t(s) = -s**2 - 8*s - 6. Let m be t(-4). What is the highest common factor of j and m?
10
Let s(t) = 21*t**3 - t + 1. Let o be s(1). Let y = 5960 + -5954. What is the highest common divisor of y and o?
3
Suppose -2*s - 5*j + 1071 = -63, 2*s - 1134 = j. Calculate the greatest common factor of s and 2187.
81
Suppose 106*o - 85*o - 504 = 0. Suppose 0*g = 5*g - 5. Let f be (2/(-1))/g*-12. What is the greatest common factor of o and f?
24
Let i be (-12)/3 + (-1 - -1). Let b be i + (-2 - -2) - 0. Let f be (b/(-2))/1 + 62. What is the greatest common factor of 8 and f?
8
Let q(s) = 813*s**2 + 17*s + 21. Let m be q(-1). What is the highest common divisor of 323 and m?
19
Let c = 764 + -1655. Let w = c - -1291. What is the highest common divisor of w and 32?
16
Let u be (-304)/456*1/((-1)/6). Let l(f) = f**3 + f + 22. Let p be l(0). Let y be p - (-11 + 4 + u). What is the greatest common divisor of 25 and y?
25
Let m be 922/6 - (-3)/9. Let b = -17455 - -17499. What is the highest common factor of b and m?
22
Suppose -23*v + 2*s - 13224 = -28*v, -3*v + 7933 = s. What is the greatest common divisor of 2 and v?
2
Let k = -200 - -164. Let b(u) = 5*u + 191. Let z be b(k). Calculate the greatest common factor of z and 22.
11
Let b be (18/10)/((-9)/(-1500)). Let k be (-1940)/(-75) - (-40)/b. Suppose -n + 39 = 2*n. Calculate the highest